s 7525328 a multiple of 811?
False
Is 3491092 a multiple of 75?
False
Does 685 divide 2433657?
False
Is 1254 a multiple of 25?
False
Does 137 divide 81378?
True
Does 764 divide 25512893?
False
Is 198 a factor of 252252?
True
Is 65236 a multiple of 52?
False
Does 7 divide 41146?
True
Is 77 a factor of 971304?
False
Does 11 divide 8128860?
False
Is 17 a factor of 27982?
True
Is 99 a factor of 151878?
False
Is 20 a factor of 48683?
False
Does 266 divide 2519286?
True
Is 99 a factor of 1394811?
True
Is 28 a factor of 275576?
True
Does 44 divide 23425?
False
Does 457 divide 2231531?
True
Does 15 divide 224011?
False
Does 410 divide 1100094?
False
Is 15853079 a multiple of 132?
False
Does 22 divide 590817?
False
Is 620448 a multiple of 138?
True
Is 309760 a multiple of 352?
True
Is 2068 a multiple of 40?
False
Does 134 divide 16296?
False
Is 87 a factor of 129000?
False
Is 54 a factor of 972664?
False
Does 28 divide 449184?
False
Is 75141 a multiple of 23?
True
Does 20 divide 279142?
False
Is 492 a factor of 219434?
False
Is 1504166 a multiple of 5?
False
Does 44 divide 554356?
True
Is 891418 a multiple of 22?
True
Is 2157629 a multiple of 76?
False
Is 3239863 a multiple of 11?
True
Does 4 divide 1933689?
False
Is 134747 a multiple of 18?
False
Is 46 a factor of 2297608?
True
Is 1944190 a multiple of 23?
True
Is 1730970 a multiple of 54?
True
Is 574794 a multiple of 99?
True
Is 119 a factor of 133683?
False
Is 49966 a multiple of 88?
False
Does 123 divide 214725?
False
Is 3097836 a multiple of 21?
True
Is 96000 a multiple of 30?
True
Does 695 divide 11887979?
False
Is 19192 a multiple of 8?
True
Does 150 divide 268298?
False
Is 250741 a multiple of 12?
False
Does 9 divide 672435?
True
Does 18 divide 191167?
False
Does 3 divide 131115?
True
Is 811530 a multiple of 639?
True
Does 33 divide 3696?
True
Is 115 a factor of 81638?
False
Does 18 divide 270648?
True
Does 520 divide 4816668?
False
Is 34 a factor of 88706?
True
Is 111948 a multiple of 228?
True
Is 9950610 a multiple of 10?
True
Is 214 a factor of 93732?
True
Is 625 a factor of 918901?
False
Is 140 a factor of 2360208?
False
Is 3 a factor of 969906?
True
Does 5 divide 10422?
False
Is 9 a factor of 88884?
True
Is 63496 a multiple of 9?
False
Is 464157 a multiple of 27?
True
Does 10 divide 2736543?
False
Is 14 a factor of 370342?
True
Is 620 a factor of 342240?
True
Is 101 a factor of 549254?
False
Does 13 divide 89891?
False
Is 204 a factor of 478992?
True
Does 2 divide 2953?
False
Does 21 divide 219534?
True
Does 20 divide 638240?
True
Is 398 a factor of 8069848?
True
Is 130 a factor of 270167?
False
Is 6849285 a multiple of 15?
True
Is 85 a factor of 441389?
False
Is 941672 a multiple of 13?
False
Does 24 divide 3065194?
False
Does 15 divide 977258?
False
Does 209 divide 58536?
False
Does 5 divide 8409041?
False
Does 6 divide 117852?
True
Is 818699 a multiple of 29?
True
Is 285488 a multiple of 126?
False
Is 20 a factor of 148460?
True
Is 982088 a multiple of 92?
False
Does 567 divide 505668?
False
Is 495252 a multiple of 9?
True
Is 110 a factor of 100980?
True
Is 393225 a multiple of 535?
True
Is 277 a factor of 172017?
True
Is 342762 a multiple of 13?
False
Is 71 a factor of 5793455?
False
Is 7470 a multiple of 45?
True
Does 87 divide 877134?
True
Is 17 a factor of 85476?
True
Is 438962 a multiple of 71?
False
Is 24 a factor of 519926?
False
Is 2476438 a multiple of 10?
False
Does 235 divide 681678?
False
Does 95 divide 3368727?
False
Is 157410 a multiple of 9?
True
Is 137903 a multiple of 32?
False
Is 253084 a multiple of 403?
True
Is 13 a factor of 187304?
True
Does 153 divide 868026?
False
Is 109029 a multiple of 137?
False
Does 270 divide 465480?
True
Does 4 divide 29394?
False
Is 567 a factor of 78529?
False
Does 36 divide 2032271?
False
Is 163 a factor of 375762?
False
Is 10 a factor of 18418?
False
Is 46 a factor of 103517?
False
Does 20 divide 155060?
True
Does 19 divide 510949?
False
Is 258 a factor of 194790?
True
Is 525 a factor of 168961?
False
Does 74 divide 2586676?
False
Is 10863382 a multiple of 14?
False
Is 56264 a multiple of 13?
True
Does 2 divide 100083?
False
Does 65 divide 475930?
True
Is 3836 a multiple of 4?
True
Is 2309552 a multiple of 136?
True
Is 69144 a multiple of 258?
True
Does 72 divide 495504?
True
Is 3 a factor of 212409?
True
Does 24 divide 39394?
False
Is 7 a factor of 19475013?
False
Is 2898575 a multiple of 25?
True
Does 7 divide 19608?
False
Does 10 divide 152550?
True
Is 138 a factor of 474296?
False
Is 1005500 a multiple of 250?
True
Does 9 divide 6552?
True
Is 19614 a multiple of 21?
True
Is 161774 a multiple of 29?
False
Is 270 a factor of 8108675?
False
Is 159083 a multiple of 20?
False
Is 77 a factor of 22946?
True
Is 387280 a multiple of 235?
True
Is 258000 a multiple of 100?
True
Is 7845596 a multiple of 44?
True
Is 122400 a multiple of 272?
True
Does 74 divide 12898422?
True
Is 102810 a multiple of 35?
False
Is 20 a factor of 145440?
True
Is 1819 a multiple of 17?
True
Does 334 divide 259937?
False
Is 238262 a multiple of 503?
False
Does 17 divide 958899?
False
Is 42 a factor of 6892?
False
Is 447504 a multiple of 48?
True
Is 119 a factor of 162731?
False
Does 175 divide 11596?
False
Is 24 a factor of 4892099?
False
Is 137 a factor of 218158?
False
Does 29 divide 32944?
True
Is 13 a factor of 17997265?
True
Does 11 divide 1077840?
False
Is 14 a factor of 485525?
False
Is 785171 a multiple of 163?
True
Does 10 divide 2480?
True
Is 12096468 a multiple of 772?
True
Does 13 divide 356863?
True
Does 6 divide 349244?
False
Does 7 divide 619879?
False
Does 119 divide 2867067?
True
Does 34 divide 163064?
True
Is 19 a factor of 180548?
False
Does 111 divide 12337?
False
Does 21 divide 37842?
True
Is 52 a factor of 7515255?
False
Does 20 divide 127616?
False
Is 7 a factor of 391237?
True
Is 9 a factor of 707870?
False
Does 102 divide 896886?
True
Does 26 divide 79878?
False
Is 182 a factor of 167622?
True
Is 30 a factor of 640347?
False
Does 28 divide 69748?
True
Is 75828 a multiple of 142?
True
Is 733821 a multiple of 19?
False
Is 74 a factor of 1137010?
True
Is 4630142 a multiple of 133?
False
Is 29 a factor of 438161?
True
Is 495504 a multiple of 93?
True
Is 1284 a factor of 7992900?
True
Does 8 divide 489353?
False
Is 575710 a multiple of 9?
False
Does 72 divide 676935?
False
Does 308 divide 1106321?
False
Is 6 a factor of 233582?
False
Is 121176 a multiple of 153?
True
Is 622 a multiple of 2?
True
Does 1446 divide 13637404?
False
Does 5 divide 20863?
False
Is 13288 a multiple of 8?
True
Is 96750 a multiple of 21?
False
Is 1286 a factor of 7701854?
True
Does 12 divide 107548?
False
Is 9 a factor of 4045437?
True
Is 301 a factor of 13014638?
True
Does 2 divide 165856?
True
Is 6524309 a multiple of 28?
False
Does 182 divide 24661182?
True
Is 9847362 a multiple of 1372?
False
Does 10 divide 6531381?
False
Is 80111 a multiple of 4?
False
Is 296 a factor of 1310688?
True
Is 30 a factor of 2204370?
True
Is 24 a factor of 34653?
False
Is 67189 a multiple of 5?
False
Is 2592502 a multiple of 29?
False
Is 3350392 a multiple of 159?
False
Is 50698 a multiple of 20?
False
Is 200 a factor of 166682?
False
Is 13 a factor of 527696?
True
Does 9 divide 915909?
False
Is 22 a factor of 689942?
True
Is 75 a factor of 63640?
False
Does 170 divide 5349096?
False
Is 37 a factor of 71026?
False
Is 41 a factor of 62812?
True
Does 64 divide 92848?
False
Is 128 a factor of 38587?
False
Is 6520326 a multiple of 326?
True
Does 231 divide 3000228?
True
Is 1440424 a multiple of 15?
False
Is 1491708 a multiple of 1322?
False
Does 46 divide 12041375?
False
Is 55100 a multiple of 145?
True
Does 70 divide 237973?
False
Does 14 divide 8649?
False
Is 901630 a multiple of 5?
True
Is 224 a factor of 184128?
True
Is 20 a factor of 238911?
False
Is 252945 a multiple of 365?
True
Does 211 divide 154874?
True
Is 33 a factor of 795768?
False
Is 4286390 a multiple of 70?
False
Is 166 a factor of 6643066?
False
Does 143 divide 851851?
True
Does 7 divide 6104?
True
Does 235 divide 15153564?
False
Is 10218 a multiple of 78?
True
Is 188 a factor of 2653038?
False
Is 168 a factor of 782544?
True
Does 14 divide 60480?
True
Is 366674 a multiple of 64?
False
Is 38642 a multiple of 329?
False
Is 